) = 2*q + 1. Let l be c(x). Suppose 0 = 2*j + 4*y - 16, j - 2*y = -l*j + 22. What is the units digit of j?
6
Suppose -3*r + 2*r = 5, f - r = 46. Suppose c + h - 24 = 0, h - 7 = -2*c + f. What is the units digit of c/5 + 1/5?
5
Let i(u) = -u**3 - 4*u**2 + 5*u - 5. What is the tens digit of i(-6)?
3
Let j be (0 + 1)/((-2)/(-8)). Suppose -j*y = -4*o, -2*o + 4*y = 4 - 0. Suppose -5*t - 2*s = -38, -t - o*s = 2*t - 26. What is the units digit of t?
6
Suppose -96 = -3*k - k. What is the tens digit of k?
2
Suppose x + 230 = 3*b - b, -5*b + x = -575. Suppose 0 = 7*u - 2*u - b. What is the units digit of u?
3
Let q = 308 + -145. What is the units digit of q?
3
Let a = 88 - 48. What is the tens digit of a?
4
Let o be (6/(-4))/(6/(-20)). Suppose -y = 5*t - 35, -5*y - o*t = -t - 259. What is the units digit of y?
5
Let x(m) = -3*m - 4. Let l be x(-6). Let y(n) = -n + 33. What is the tens digit of y(l)?
1
Let m be (-39)/(-5) - (-1)/5. Let s = -5 + m. What is the units digit of s?
3
Suppose -205 = -4*l + 187. What is the units digit of l?
8
Let c = -19 + 32. Suppose -l + 50 = 5*w, 4*w - l + c - 44 = 0. What is the units digit of w?
9
Let u be (-228)/(-54) - 4/18. Suppose -3*s - 4*b = 29, u*s - b = -23 - 41. What is the units digit of (-3)/(-5) + (-6)/s?
1
Suppose -4*m + 33 - 1 = 0. Let i = m + -4. Suppose h + k - 97 = -i*h, -2*k + 42 = 2*h. What is the tens digit of h?
1
Suppose 4 = y, 2*m + 40 = 4*m + 3*y. Suppose 34 = 5*s - 2*i, i = -s - i + m. Suppose -s = -w + 4. What is the tens digit of w?
1
Let q = -24 - -80. What is the tens digit of q?
5
Let l = 2 - -3. Suppose 26 = l*k + b, 5*b - 6 = -k + 4. Suppose 0 = -s - 2*z + 5 - 3, -s + 2 = k*z. What is the units digit of s?
2
Suppose -270 = -5*u + 65. What is the units digit of u?
7
Let y(r) = 2*r**2 - 2*r + 2. Let v = 13 + -10. What is the tens digit of y(v)?
1
Suppose 0 = 5*p - 4*p - 1. What is the units digit of p?
1
Let i = 35 - 22. Let u = i + -4. What is the units digit of u?
9
Let v(t) = -t**3 + 3*t**2 - 2*t + 2. Let m(l) = -l + 2. Let i be m(0). Let j be v(i). Let g(o) = 4*o**2 - o. What is the units digit of g(j)?
4
Let y(m) = -4*m**3 + 6*m**2 - 4*m + 4. Let g(u) = 3*u**3 - 6*u**2 + 3*u - 3. Let w(i) = -3*g(i) - 2*y(i). What is the units digit of w(4)?
9
Let r(w) = 15*w**2 + 2*w + 1. Let i = -6 - -10. Suppose 0 = 2*s + 2*s + i. What is the units digit of r(s)?
4
Let b be (1/(-2))/(2/84). What is the units digit of 4*(b/(-12) - 0)?
7
Let q = 2 - 1. Suppose 20 = 3*k + 2*m, 0*m = -m + q. Suppose -2*x - 8 = -k*x. What is the units digit of x?
2
Let x(t) = t**2 + 13*t + 7. Let b be x(-8). Let f be -2*(b/(-6) + 1). Let p = f - -18. What is the units digit of p?
5
Let k(d) = d**2 - 6*d - 2. Let q be k(5). Let h(x) = -x**2 + 7*x - 7. Let m be h(6). What is the units digit of (-3)/2*(q - m)?
9
Let y = -3 - -5. Let j(i) = 2*i**2 + 4*i + 3. Let t be j(-2). Suppose -y + 40 = 2*v - 5*l, 0 = -v - t*l - 3. What is the units digit of v?
9
Let w(s) = -s**3 + 2*s**2 + 4*s + 2. What is the units digit of w(-2)?
0
Let b = 7 + -5. Suppose -b*c + 5 - 1 = 0. Suppose -32 = -6*j + c*j. What is the units digit of j?
8
Suppose n = 5*n + 4*t + 4, -4*t - 11 = -3*n. What is the units digit of n?
1
Let c = 27 + -9. What is the units digit of c?
8
Let q(s) = s**3 - 2*s**2 - 4*s - 2. What is the units digit of q(7)?
5
Suppose 0 = 5*c - 4*s - 26, -4*c + 0*s - s + 25 = 0. Suppose 0 = -2*q - 0*q + c. What is the units digit of q?
3
Suppose 0 - 9 = -3*f. Suppose 10 = f*o + 1. Let t = o - -1. What is the units digit of t?
4
Let g = -10 - -10. Let l = g - -5. Suppose -x = -2*t + 7, -l*x - 20 = -x. What is the units digit of t?
1
Suppose -3*h = -16 + 4. Suppose x + 170 = h*m, -2*m - 3*x - 132 = -5*m. What is the tens digit of m?
4
Suppose 16 = 4*f - 0*q + 4*q, -3*q = -2*f - 2. Suppose -f*h = 5*k - 22, k - 29 = 4*h - 7. What is the units digit of k?
6
Let t(m) = m**3 + 11*m**2 + 8*m - 2. Let n be 4*(5/(-2) + 0). Let p be t(n). Suppose -4*r - l = -p - 21, -5*l - 21 = -4*r. What is the units digit of r?
9
Suppose 4*l - 4*g - 639 = -g, 3*l - 5*g = 471. What is the tens digit of l?
6
Let p(n) = -n**2 + n - 1. Let r(x) = 10*x**2 - 5*x + 5. Let q(f) = 4*p(f) + r(f). What is the tens digit of q(-2)?
2
Suppose -4*g + 9 - 1 = 0. Suppose f + 0 = g. Let c = f + 6. What is the units digit of c?
8
Suppose -l - 43 = -3*c, -6*c = -c + 4*l - 83. What is the units digit of c?
5
Suppose 2*p - 182 = 4*t, 5*t - 33 = -p + 93. What is the units digit of p?
1
Let s(p) = p**2 - 2*p - 8. Let q be s(6). Let l = 0 + 0. Suppose x + 3*x - q = l. What is the units digit of x?
4
Let z(r) = 5*r**2 - 7*r + 1. Let f(i) = -4*i**2 + 6*i. Let j(c) = 4*f(c) + 3*z(c). Let o(x) be the first derivative of j(x). What is the units digit of o(-3)?
9
Let r = -58 - -103. What is the tens digit of r?
4
Suppose 5*n + 21 - 66 = 0. Let o be ((-6)/n)/((-6)/(-9)). Let m(a) = -8*a. What is the units digit of m(o)?
8
Let f(v) = -6*v - 9. What is the units digit of f(-7)?
3
Let q(f) = -f**3 - f**2 - f. Let o be q(-4). Let m = -25 + o. What is the units digit of m?
7
Let a be (-10)/((-1 - -2)/1). Let p = a + 2. What is the tens digit of 16 - -1 - (-5 - p)?
1
Suppose -3*m = -2*q + 126, 0*q + 2*q - 98 = -4*m. What is the units digit of q?
7
Let m(u) = -u**3 + 5*u**2 + 89. What is the tens digit of m(0)?
8
Suppose 0 = -c + 5*g - 24, 0 = c + 3*g + 8. Let b = c + 33. What is the units digit of b?
9
Suppose -3*b = 3*m + m - 29, 0 = b - m - 5. Let i = b - 6. What is the units digit of i?
1
Suppose -2*q = q + 6, 14 = 5*p + 3*q. Suppose 4*z = p + 28. What is the units digit of z?
8
Suppose 2*g + 74 = 5*g + y, 4*y + 79 = 3*g. What is the units digit of g?
5
Let x(l) = -l**3 - 3*l**2 + 6*l + 2. Let f(i) = i**3 + 3*i**2 - 6*i - 2. Let k = 2 + 4. Let h(q) = k*f(q) + 5*x(q). What is the units digit of h(-4)?
6
Let l be (2/1)/(6/24). Suppose -4*h - g - l = 3*g, -g = 3. What is the units digit of h?
1
Let z(y) = y**3 + 9*y**2 - 11*y - 10. What is the units digit of z(-9)?
9
Suppose 3*b = -5*s + 1127, 1123 = 5*s + 4*b - 2*b. What is the tens digit of s?
2
Let n(f) be the first derivative of -f**7/280 + f**3 + 3. Let p(m) be the third derivative of n(m). What is the units digit of p(-1)?
3
Let m = 8 + -7. What is the units digit of (96/(-9))/(m/(-3))?
2
Let m(o) = 20*o**3 + 5*o**2 - 3*o + 14. Let w(f) = -7*f**3 - 2*f**2 + f - 5. Let v(s) = -6*m(s) - 17*w(s). What is the tens digit of v(2)?
1
Let f(c) = -c**2 + c + 3. Let r be f(3). Let d = r + 5. What is the units digit of d?
2
Let i(y) = -1 + 1 - 7 - y**2 + 7*y. Suppose 6 + 19 = 5*w. What is the units digit of i(w)?
3
Suppose -4*s - 1 + 36 = c, -2*s + 37 = c. What is the tens digit of c?
3
Let o(r) = -r**3 + 7*r**2 - 6*r - 3. Let y be o(6). What is the tens digit of (9/3)/y + 11?
1
Suppose 89 = 3*d - 34. What is the units digit of d?
1
What is the tens digit of 4/2 + (-296)/(-4)?
7
Let r(u) be the second derivative of u**5/20 - 7*u**4/12 + u**3/6 - u**2/2 + 3*u. What is the units digit of r(7)?
6
Suppose 0 = 5*p + 6 + 14, 0 = -2*m - 5*p - 16. Suppose 0 = 3*b + 7 + 5, q - b = -m. What is the tens digit of (12 - 1) + (q - -9)?
1
Let v(k) = 2*k - 12. Let h(s) = 2*s - 13. Let c(x) = 3*h(x) - 4*v(x). What is the units digit of c(-5)?
9
Let h = 4 - 3. What is the tens digit of (h/(-3))/((-6)/414)?
2
Let k(l) = 28*l + 11. What is the tens digit of k(3)?
9
Let q be (-1)/(112/(-110) + 1). Let v = q + -35. Suppose 5*h + 3 = -m + 14, -m = -4*h - v. What is the units digit of m?
6
Let b(k) = -5*k + 1. Suppose 6*o - o + 15 = -5*u, o = u - 7. Let l = o - -4. What is the units digit of b(l)?
6
Suppose 0 = -m, 4*h - 5*m - 14 - 2 = 0. Let o = 8 - h. Suppose -2 = -o*k + 6. What is the units digit of k?
2
Let g be (-3)/(3*2/(-28)). Suppose -g = -3*c + 10. Suppose -4*b + 4 = -c. What is the units digit of b?
3
Let f(z) = -18*z - 6. Let t(j) = j**3 + j**2 - 2*j - 3. Let m be t(-2). What is the tens digit of f(m)?
4
Let g(r) = -35*r - 3. What is the tens digit of g(-2)?
6
Let g(j) = 2*j**2 - j - 1. Let k be g(-1). Suppose -z + 1 + 4 = 2*y, k*z - 6 = -3*y. Let m = -2 - z. What is the units digit of m?
1
Let i(k) = 2*k - 1. Suppose 4*t - 26 = 3*l, 4*l - 5*t - 8 = -41. Let q be 44/10 + l/5. What is the units digit of i(q)?
7
Let r(p) = 3*p - 1. Let n be r(1). Let u be (40/(-4))/(n